 19*w + 0*w**3 - 10*w**2. Let h be k(8). What is the greatest common divisor of h and q?
5
Suppose 1346*z - 1365*z + 646 = 0. What is the highest common factor of z and 1037?
17
Suppose 9 + 226 = 31*w - 75. What is the highest common factor of 14590 and w?
10
Let n be 115/(-7) - 87/(-203). Let a = n + 66. What is the highest common divisor of 30 and a?
10
Suppose -4*i + 68 = -124. Let x be 37 + -30 - 4/1. Calculate the greatest common factor of i and x.
3
Let r = -10896 + 14325. What is the greatest common divisor of r and 127?
127
Suppose -19*y - 682 = -18*y. Let b be y/33*1*-18. Calculate the highest common divisor of 31 and b.
31
Let g(j) = -j**3 - 58*j**2 + 46*j - 200. Let c be g(-59). What is the highest common divisor of c and 7209?
81
Let g be ((-21)/(-6) + -4)*-8. Let d be 54 - (-8)/g - -4. Suppose 0 = w - 9 - 11. Calculate the greatest common factor of w and d.
20
Let z(f) = 4*f**2 + 5. Let x be z(4). Let a = 59147 - 59144. Calculate the highest common divisor of x and a.
3
Suppose -10*n + 2386 + 1514 = 0. Suppose -258*p = -268*p + n. Calculate the greatest common factor of 6 and p.
3
Let y(d) = 2*d + 13. Let z be y(-9). Let j(s) = s**2 + s + 4. Let u be j(z). Suppose 0 = 12*f - 14*f + u. What is the greatest common divisor of f and 30?
6
Suppose 7*n - 280 = -g - 23*n, g - 140 = -2*n. Calculate the greatest common divisor of 45 and g.
5
Suppose -6*m = -m - 160. Let c(f) = 5*f**2 + 8*f - 17. Let w be c(-5). Suppose 64 = -v + w. Calculate the greatest common divisor of v and m.
4
Suppose -4*j + 1299 = -n, -7*j + 30*n = 33*n - 2259. What is the highest common divisor of j and 12?
12
Let i be (567/(-735)*-7)/(-1*9/(-60)). Let n(v) = -3*v - 12. Let f be n(-10). Calculate the greatest common factor of i and f.
18
Let g(a) = -31*a**3 + a**2. Let y be g(-1). Let q = 219 - 219. Suppose q = t, -4*t + 7*t = 4*h - 64. What is the greatest common divisor of y and h?
16
Let h be (-35)/(-2) - 1/(-2). Suppose -21*z + 24*z = -63. Let r = z + 75. What is the greatest common divisor of r and h?
18
Let x = -669 + 674. Let k be -2 - (-6)/(2 - 0). What is the greatest common divisor of x and k?
1
Let a be (12 - (4 - 2)) + -4 + 1. Suppose -5*h = a - 17. Suppose o + h*y - 10 = y, 3*o = 2*y + 55. What is the greatest common factor of o and 20?
5
Let z be (-1 - 1)*(-11)/2. Suppose 3 = -5*j + 18. Suppose b - 4*d - 44 = 0, j*b + 5*d + 132 = 6*b. Calculate the greatest common divisor of b and z.
11
Suppose 1 = -18*i + 1. Suppose -3*r + 5*f + 18 = -44, i = 2*r - f - 46. Calculate the greatest common factor of 156 and r.
12
Let a be (5/(-3))/((-25)/(-30))*-130. Suppose -5*f + f + 5*l = -100, -12 = 3*l. What is the highest common divisor of a and f?
20
Let h(z) = -z**3 - 7*z**2 - 11*z - 3. Let s be h(-5). Suppose -36 = -6*c + 2*c - 3*d, s*c = -4*d + 8. What is the highest common factor of 444 and c?
12
Let z be ((-2608)/64)/((-4)/(-1376)*-2). Calculate the greatest common divisor of 43 and z.
43
Suppose -4*z + 200 = 6*z. Let q = 51 + z. Let j = -15 + q. Calculate the highest common factor of 8 and j.
8
Let x be (-8 - (-5022 - 11)) + -3. What is the greatest common factor of x and 62?
62
Suppose 385*l + 112*l + 999*l - 970904 = 0. Let d(g) = g**3 + 4*g**2 - 4. Let x be d(3). Calculate the greatest common factor of x and l.
59
Let n = -15462 - -15510. Calculate the greatest common divisor of 54 and n.
6
Suppose 117*v = -62*v + 1432. Calculate the greatest common divisor of v and 334.
2
Let q(h) = -250*h - 55. Let s(i) = 23*i + 5. Let t(m) = -4*q(m) - 45*s(m). Let j be t(-1). What is the greatest common factor of j and 70?
10
Suppose 54*i - 418 - 3503 = -141. What is the highest common factor of i and 672?
14
Let q(y) = -28189*y - 496. Let z be q(-1). Calculate the greatest common divisor of 9 and z.
9
Let g(j) = -238*j + 2211. Let m be g(9). What is the highest common divisor of m and 6?
3
Let r(a) = -149*a**3 + 5*a**2 + a - 3. Let b(l) = l**3 - 2*l**2 - 5*l + 5. Let p be b(3). Let z be r(p). What is the greatest common divisor of 90 and z?
30
Let k(p) = p**3 + 13*p**2 - 6*p. Let h be k(-14). Let c be (3*h)/3 - (1 + 0). Let i = c + 163. Calculate the highest common divisor of 150 and i.
50
Suppose -6*u + 12*u = 18. Suppose u*t = -12*t + 90. What is the highest common divisor of t and 162?
6
Suppose 4*h - 16 = 0, 0 = 3*o + 4*h - 54 - 13. Suppose -116 = -o*i + 122. Calculate the highest common factor of i and 14.
14
Suppose -j = -2*k - 2612, 4*k - 3*j + 2604 = 2*k. Let w = -593 - k. Calculate the highest common factor of 55 and w.
55
Let p = -3543 - -3633. Calculate the highest common divisor of 435 and p.
15
Suppose -s + 12 = 2. Suppose -6 - 574 = -s*r. What is the highest common factor of r and 87?
29
Suppose 47*i + 9 = 48*i. Let n(c) = c + 49. Let g be n(i). Calculate the highest common factor of g and 116.
58
Let x(m) = 869*m + 873. Let y be x(-1). Calculate the highest common factor of 604 and y.
4
Let g(c) = 16*c**2 + 3*c - 7. Let x be g(5). Let i be (4/(-6))/((-4)/306). What is the greatest common factor of x and i?
51
Suppose 14 = -u - 5*z, 3*z = z - 8. Let g be 7 - (-7)/(14/(-222)). Let a = g - -106. What is the highest common factor of u and a?
2
Let r = 431 + -217. What is the highest common factor of 749 and r?
107
Suppose -3 - 185 = -3*p - 38. Let k be (104/6)/(8/600). Calculate the greatest common factor of p and k.
50
Let k = -15 + 95. Let m(d) = -6*d - 58. Let b be m(-13). Calculate the greatest common divisor of b and k.
20
Suppose 5*h + 2*t - 14844 = 0, -5*t - 1087 = -h + 1898. What is the highest common factor of 30 and h?
30
Suppose -1984 = -5*h - 3*v, -10*v + 11*v = 5*h - 1992. Let w = h + -396. Calculate the greatest common factor of 2 and w.
2
Let d = 73 - -4. Let m = 15785 + -15764. What is the greatest common factor of d and m?
7
Suppose 2*w + g = 37, -506 = 4*w - g - 577. Calculate the highest common divisor of w and 13239.
9
Let u = 7517 + -7072. What is the greatest common divisor of u and 60?
5
Let t = 147151 - 207591. Let f be (t/(-36))/(-5) + 4/(-18). Let a be -4*1/(-10) + f/(-10). What is the highest common factor of 17 and a?
17
Let k(p) = 43*p + 9. Suppose -2*a - n = 3, -3*a - 14 = -2*a + 3*n. Let x be k(a). What is the greatest common factor of 572 and x?
52
Let m be (1176/84)/(-1 + 2 + 0). Let b = -5 + 8. Let k = m + b. What is the highest common factor of 119 and k?
17
Let d(v) = v**2 + 17*v - 365. Let p be d(-30). What is the greatest common factor of 6075 and p?
25
Let r(m) be the third derivative of -m**6/120 + 2*m**5/15 + m**4/4 - 7*m**3 + 63*m**2. Let y be r(8). Calculate the highest common factor of y and 54.
6
Let q(o) = -5*o**3 + 226*o**2 - 38*o - 11. Let y be q(45). Calculate the highest common factor of 128 and y.
16
Let m be (246/287)/(3 + (-9068)/3024). Calculate the highest common divisor of m and 416.
8
Let h = 1355 + 385. What is the highest common factor of h and 420?
60
Let p(i) = i**2 - 40*i + 19. Let l be p(41). What is the greatest common divisor of 24 and l?
12
Let r be -3 + 138/(-4)*10/(-15). Let l be (-9)/(-90) - (-8995)/50. Calculate the highest common divisor of r and l.
20
Suppose 42*z - 51 = -4*r + 37*z, -3*z = -r + 17. Calculate the highest common factor of r and 147.
7
Suppose 2*n - 2*u + 28 = 0, -5*u = -3*n - 24 - 16. Let a(h) = 177*h + 2778. Let o be a(-16). Let t = n - o. What is the highest common factor of 26 and t?
13
Let j(o) = -2*o**3 + 149*o**2 + 230*o - 105. Let x be j(76). What is the highest common factor of 9635 and x?
47
Let x be (6 - (3 - -3))/(2 + -4). Suppose -4*z + 783 - 735 = x. What is the greatest common divisor of z and 156?
12
Suppose -2*d - g + 1299 = 0, 6 = -11*g + 13*g. What is the greatest common divisor of 456 and d?
24
Let u(b) = 19*b - 9. Let t be u(7). Suppose -4*v + 9*v + t = 4*q, -108 = -4*q + v. Let f = 4986 + -4908. What is the greatest common factor of q and f?
26
Let r(k) = 2*k**2 - 11*k + 59. Let a be r(5). Let o(t) = 16*t + 140. Let z be o(-8). Calculate the greatest common divisor of z and a.
6
Suppose -24 = -61*h + 60*h. Suppose 8*r - 96 = h. What is the greatest common factor of r and 615?
15
Let q(j) = -j**3 - 21*j**2 + 22*j + 11. Let h(r) = r**3 + 3*r**2 - 15*r - 4. Let y be h(-6). Let g be q(y). Calculate the highest common divisor of 121 and g.
11
Let p =